{"id":6553,"date":"2026-09-04T13:33:43","date_gmt":"2026-09-04T11:33:43","guid":{"rendered":"https:\/\/www.cipf.es\/?post_type=event&#038;p=6553"},"modified":"2026-09-04T13:41:33","modified_gmt":"2026-09-04T11:41:33","slug":"ix-edicion-jornada-de-investigadoras-en-enfermedades-raras-2","status":"publish","type":"event","link":"https:\/\/www.cipf.es\/es\/noticias-sociedad\/eventos\/xxviii-jornadas-investigacion-fundacion-lucha-ceguera\/","title":{"rendered":"XXVIII Jornadas de investigaci\u00f3n Fundaci\u00f3n Contra la Ceguera"},"content":{"rendered":"","protected":false},"excerpt":{"rendered":"<p>IX Edici\u00f3n Jornada de Investigadoras en Enfermedades Raras<\/p>\n","protected":false},"featured_media":0,"template":"","event-category":[38],"class_list":["post-6553","event","type-event","status-publish","hentry","event-category-meeting-es"],"acf":[],"_links":{"self":[{"href":"https:\/\/www.cipf.es\/es\/wp-json\/wp\/v2\/event\/6553","targetHints":{"allow":["GET"]}}],"collection":[{"href":"https:\/\/www.cipf.es\/es\/wp-json\/wp\/v2\/event"}],"about":[{"href":"https:\/\/www.cipf.es\/es\/wp-json\/wp\/v2\/types\/event"}],"wp:attachment":[{"href":"https:\/\/www.cipf.es\/es\/wp-json\/wp\/v2\/media?parent=6553"}],"wp:term":[{"taxonomy":"event-category","embeddable":true,"href":"https:\/\/www.cipf.es\/es\/wp-json\/wp\/v2\/event-category?post=6553"}],"curies":[{"name":"wp","href":"https:\/\/api.w.org\/{rel}","templated":true}]}}

XXVIII Jornadas de investigación Fundación Contra la Ceguera

<p>IX Edición Jornada de Investigadoras en Enfermedades Raras</p>
